= 2 + 0. Suppose 0 = c*z - 4*z + 98. What is the remainder when z is divided by (-117)/(-7) + 6/21?
15
Calculate the remainder when 17 is divided by 4/16 - 57/(-12).
2
Suppose 0*d = -3*d + 2*n + 74, -2*n - 52 = -2*d. What is the remainder when 58 is divided by d?
14
Suppose 0 = 3*f - 5 + 11. What is the remainder when (-5)/f - (-9)/(-6) is divided by 1?
0
Let d = 155 - 83. Let r = d - 48. Suppose 3*z = -0*z + r. Calculate the remainder when 22 is divided by z.
6
Let c(h) = -h - 3. Let i = 4 - 19. Suppose -5*k + 2*k + 66 = 0. Calculate the remainder when k is divided by c(i).
10
Suppose 3*a + 5*v - 956 = 0, -2*a + 0*v + 2*v + 616 = 0. Calculate the remainder when a is divided by 45.
42
Suppose 3*s - 150 = -2*s. Calculate the remainder when s is divided by 16.
14
Suppose -3*d - x - 3*x = -48, 2*x + 48 = 3*d. What is the remainder when 62 is divided by d?
14
Let n(z) = z**2 - 3*z. Let g be n(4). Suppose -4*u + g = -3*u. Let m = 4 - 1. What is the remainder when u is divided by m?
1
Calculate the remainder when 188 + ((-6)/(-3) - 2) is divided by 48.
44
Let h = 135 - 95. Suppose h = -0*w + 5*w. What is the remainder when 23 is divided by w?
7
Suppose 2*h - 7 = -3*z, -3*z + 2*h - 11 = 2. Calculate the remainder when ((-36)/z)/((-6)/(-4)) is divided by (65/20)/((-4)/(-16)).
11
Suppose i - 2*i = 2. Calculate the remainder when 23*(-1)/(1/i) is divided by 16.
14
Let o(g) = -g + 6. Let n be o(0). Let y(f) = n + 0 - f**3 + 10 - f. What is the remainder when y(0) is divided by 6?
4
Suppose d - 39 = 16. Let s = d - 19. Let o(u) = 20*u**3 - 1. What is the remainder when s is divided by o(1)?
17
Suppose 2*q + 5*u - 2 = 2, -2*q = -2*u - 32. Let r(n) = -7*n**3 + n**2 + 3*n + 2. What is the remainder when q is divided by r(-1)?
5
Let q(v) = -v**3 - 9*v**2 + 10*v + 9. Let o be q(-12). What is the remainder when o/11 + (-8)/44 is divided by 15?
14
Let v = 53 + -19. Let x be 2/(6/9) + -4. Calculate the remainder when v is divided by 15 + (-2 - (-4 + x)).
16
Suppose -5*r = p - 88, 0 = -r + 2*p + 7 + 4. Calculate the remainder when 32 is divided by r.
15
Let o = 2 - 0. Suppose 3*r + 75 = o*p, 3*p + 0*r = 2*r + 100. What is the remainder when p is divided by 16?
14
What is the remainder when 1 - (-1 + 2 + -12) is divided by (-86)/(-10) - (-27)/(-45)?
4
Suppose 4*m - 54 = -2*m. What is the remainder when 44 is divided by m?
8
Suppose 17 = 3*g + 2*i, 3*g + i - 14 = 2*i. Suppose k = 4*k + 6, -3*k = g*f - 24. Calculate the remainder when 10 is divided by f.
4
Let c = 6 - 4. Suppose c*k + 4*l = 18, -8*k - 3*l + 31 = -3*k. Let t = k + 34. Calculate the remainder when t is divided by 14.
11
Let u(i) = -i**2. Let m(r) = 4*r**2 + r + 1. Let j(z) = -m(z) - 5*u(z). What is the remainder when j(-4) is divided by 10?
9
Suppose -5*a + 207 = 2*y + 9, -4 = -y. What is the remainder when 151 is divided by a?
37
Suppose 3*b = -b. Suppose x + b*t = -t, 0 = t. Suppose x = -4*n + 3*o + 77, -3*o = n - o - 11. What is the remainder when 50 is divided by n?
16
Let v be -2 - (1 - (4 - -1)). Let d = v - -37. What is the remainder when d is divided by 14?
11
Suppose n + 15 = 6*w - w, n = -3*w - 15. Let x = n + 35. Suppose 4*i + 38 = o + 118, -i = o - x. What is the remainder when 38 is divided by i?
18
Suppose 0*r - 37 = -r. Suppose 12 = 5*k - 2*k. Suppose -3*d = -k*g - 76 - 1, -5*d + g + 100 = 0. Calculate the remainder when r is divided by d.
18
Suppose 5*p - 6*p = -6. Calculate the remainder when 9 is divided by p.
3
Let k(d) = -d**2 - 8*d + 22. Calculate the remainder when k(-10) is divided by 2.
0
Suppose 3*p = p + 34. Calculate the remainder when p is divided by 7.
3
Let x = 8 + -6. Suppose -5*z - 1 = 2*d, -x*d - 4 = -6*d - 4*z. Suppose v = -k + 24 - 5, d*k = -3*v + 61. Calculate the remainder when v is divided by 8.
7
Suppose -3*m + 14 + 26 = p, 0 = -4*p - 2*m + 150. What is the remainder when 146 is divided by p?
35
Let y(h) = 2*h**2 - 4*h - 1. Let l be (3/1)/(1/1). Let i be y(l). Suppose d - i*b = -4*d + 75, 5*b = -d + 21. Calculate the remainder when 46 is divided by d.
14
Let x(b) = 19*b**2 + 1. Suppose -3*i + 16 = -h - 6, -2*i + 11 = 3*h. Calculate the remainder when x(1) is divided by i.
6
Suppose -4*n + 34 = 2*j, -n + 2*n = -j + 6. Let i(p) = -p**3 - 19*p**2 + 7. What is the remainder when n is divided by i(-19)?
4
Let z be 7*(24/14)/2. Let y = 0 + z. Let a(k) = 3*k - 7. What is the remainder when a(6) is divided by y?
5
Suppose 2*k + k - 18 = 0. Suppose k*y - 25 = 5*y. Suppose -8 - y = -3*a. What is the remainder when 31 is divided by a?
9
What is the remainder when ((-4)/(-14) - 1368/(-14)) + 0 is divided by 25?
23
Suppose -3*o - 12 = o. Calculate the remainder when 38 is divided by 120/9 - (-1)/o.
12
Let h = -6 + 32. Calculate the remainder when h is divided by 9.
8
Suppose -3*a = -11 - 13. Calculate the remainder when 23 is divided by a.
7
Let g(f) = f**2 - 8. What is the remainder when 22 is divided by g(-4)?
6
Let d(i) = -i**3 - 6*i**2 + i + 7. Suppose -4*h = 19 - 71. What is the remainder when d(-7) is divided by h?
10
Suppose k = 3*b - 85, -2*b + 4*k = -4*b + 52. Let s be 3/(-3) + 0 + b. What is the remainder when ((-2)/(-3))/(6/s) is divided by 2?
1
Suppose 0 = h + 5 - 48. Calculate the remainder when 85 is divided by h.
42
Suppose -2*f = -7*f + 4*u + 25, u = 5*f - 40. What is the remainder when 20/(-6)*15/(-2) is divided by f?
7
Suppose 67 = -5*d + 7. Let u be 100/24 - (-2)/d. Suppose -2 = -p + u*r - 5, 3*p = 2*r + 31. Calculate the remainder when 51 is divided by p.
12
Let f = -100 + 108. Calculate the remainder when f is divided by 6.
2
Let d be (-2)/(-3) - (-2)/6. Let h = 13 + d. What is the remainder when h is divided by (-16)/6*(-1 - 2)?
6
Suppose 0 = 3*f - 4*f + 4. Let q(y) = y**2 - 3*y. Let m be q(f). Suppose l - 7 = -3*p, -m*l = -0*p + p - 6. What is the remainder when 2 is divided by p?
0
Let j = 44 - -16. Suppose -j = -x - 2*x. What is the remainder when x is divided by 11?
9
Let d = -6 + 6. Let x = d + 28. What is the remainder when x is divided by 10?
8
Suppose 3*v = 4*v. Let d(y) = -y**3 + y + 10. Calculate the remainder when 3/(-1)*(-6 - 0) is divided by d(v).
8
Suppose f - a = 0, 0 = -3*a - 2*a + 5. Calculate the remainder when 2 is divided by f.
0
Let f = -104 + 135. Calculate the remainder when 86 is divided by f.
24
Calculate the remainder when 6/(-33) + (-3035)/(-55) is divided by 19.
17
Let n(w) = -w**3 + w**2 + w - 2. Let u be n(0). Let y = 12 - u. Suppose 4*k = 9*k - 200. What is the remainder when k is divided by y?
12
Let m = 8 - 8. Let f be (-3 - -1) + m - -4. Suppose -3 + 1 = -f*a, 4*a = 3*n - 14. What is the remainder when 10 is divided by n?
4
Suppose 5*t = 3*t + y + 5, 2*t + 2*y - 20 = 0. Suppose -d = -t*d + 40. Let b = 8 + d. Calculate the remainder when 35 is divided by b.
17
Let c = 2 + -1. Let t(h) = -3*h - 28. What is the remainder when t(-10) is divided by c?
0
What is the remainder when 12 is divided by (-1)/(2 + (-60)/28)?
5
Suppose 0 = 3*z + 2*v - 51, -4*v = v + 15. Calculate the remainder when z is divided by 12.
7
Suppose -12 = -6*j + 2*j. Suppose -2*g + 170 = j*g. Calculate the remainder when g is divided by 18.
16
Let n = -101 - -128. Calculate the remainder when n is divided by 14.
13
Let q(h) = h - 5. What is the remainder when 43 is divided by q(16)?
10
Let s(c) = -c - 3. Let h be s(-5). Suppose -5*t = o - 17, 2*t - 6*t - 13 = -3*o. What is the remainder when o is divided by h/(6/15) - 2?
1
Suppose 97 = 2*j + 9. What is the remainder when j is divided by 15?
14
Let b be 1 + -2 - 2 - -13. What is the remainder when (-531)/(-15) + (-4)/b is divided by 18?
17
Let a be (12/5)/((-12)/40). Let l = 6 + a. Let u = l - -3. Calculate the remainder when 1 is divided by u.
0
Let l(i) = -i**3 - 3*i**2 + 6*i + 7. Calculate the remainder when l(-5) is divided by ((-6)/10)/(9/45) - -10.
6
What is the remainder when 90 is divided by (6/18)/((-4)/(-156))?
12
Let n(g) = 17*g**2 + g + 1. Let r(y) = y**3 - 3*y**2 + y - 7. What is the remainder when r(5) is divided by n(-1)?
14
Suppose 3*z - 26 - 16 = 0. Calculate the remainder when 26 is divided by z.
12
Let t = 6 + -2. Let z(l) = -1 + 6 - t + 13*l. Calculate the remainder when z(1) is divided by 5.
4
Let v(x) = -x + 11. Let o be v(10). What is the remainder when (3/9)/(o/3) is divided by (